-6)/8. Let u be s(k). Let x = 45 + u. What is h(x)?
-7
Let m(g) be the second derivative of -1/2*g**2 + 0 + 2*g**3 + 81*g. Calculate m(-1).
-13
Suppose 3*q = 114 + 84. Let c = 66 - q. Let x(h) = -1 - 2*h - 1 + c*h**3 + 2*h**3 - h**3 - 3*h**2. What is x(3)?
-8
Let t(c) = -c**2 - 595*c - 1775. Let s be t(-3). Let l(g) = 5*g**3 - 2*g + 4. Give l(s).
7
Let v be 354/22 + (-15)/165. Let g(u) = -2*u**2 + 34*u - 37. Determine g(v).
-5
Let b(t) = 0*t + t + 6*t - 19 - 3*t. Suppose -37*y + 40*y = -p + 27, y - 51 = -5*p. Determine b(y).
5
Let r(o) = -o - 2. Let t(h) = 12*h + 11. Let j be (6/60)/(3/30). Let i(b) = j*t(b) + 6*r(b). Give i(-1).
-7
Let p(r) be the first derivative of r**4/4 - 13*r**3/3 + 13*r**2/2 + 8*r - 1283. Determine p(12).
20
Let z(k) be the first derivative of 0*k**2 + k + 7 - 1/3*k**3 + 1/20*k**5 - 1/3*k**4. Let v(s) be the first derivative of z(s). Determine v(4).
-8
Suppose 8*k - 3*k = -160. Let p = -4 - k. Suppose 2*b = 5*t + p, 5*b - b = 2*t + 24. Let n(h) = h**3 + 4*h**2 + 2*h + 3. What is n(t)?
-5
Let l(t) = -18*t**2 - 683*t + 33. Let q be l(-38). Let i(u) = u**3 + 6*u**2 - 12*u - 74. What is i(q)?
11
Let p(l) = -l + 24. Let o be p(0). Suppose -3*t = 4*s - 119, -s + t + o = -4. Let w(c) = 16*c**2 - c - c**3 + 12*c**2 - 12 - s*c**2. What is w(0)?
-12
Let s(g) = -g - 4*g**2 + 6*g**2 + 4 + 4*g - g**3 - 4*g**2. Let u = 1482 - 1485. What is s(u)?
4
Let y be (-42)/(-30) - (288/(-30) + 9). Let o(g) be the first derivative of 2*g**2 - g + 14 - y*g**3 + 1/4*g**4. What is o(5)?
-6
Let z(n) = n + 16. Suppose -26 = 2*p - 32. Suppose 0*r - 9 = -p*r + 3*s, 2*s + 6 = 0. Calculate z(r).
16
Let q be (-6 + 2)*2 - -1*(10 + 1). Let w(v) be the third derivative of -1/24*v**4 + 0*v**q - 1/30*v**5 + 0 - 39*v**2 + 0*v. Calculate w(1).
-3
Let z(c) = -55*c + 64. Let b(y) = -153*y + 193. Let d(h) = -3*b(h) + 8*z(h). Give d(5).
28
Let m(p) = p**2 - 4*p + 5. Let h = 2546 - 2546. Give m(h).
5
Let t(i) = i**2 - 12*i + 19. Suppose 66*o + 17*o + 95 - 593 = 0. What is t(o)?
-17
Let b(t) be the second derivative of -t**5/20 - t**4 - 16*t**3/3 + t**2 + 583*t + 3. Determine b(-8).
2
Let d(a) be the third derivative of -a**4/8 + 29*a**3/3 - 363*a**2. Calculate d(20).
-2
Let o(q) = -2*q**2 - 7*q + 1. Let m = -10991 - -10985. Calculate o(m).
-29
Let x = -12 - -4. Suppose q + 3*q - 1 = w, 4 = 4*q. Let h(g) = 7 - 3*g - 6 - g + w*g. Determine h(x).
9
Suppose 2*b = 3*x + 23, -3*b = 3*x + 13 - 40. Suppose 2*i + 32 = b*i. Let h(c) be the first derivative of 3*c**2/2 - 6*c + 2. Calculate h(i).
6
Let f(y) = -y**3 + 3*y**2 - y + 2. Let u = 175 - 203. Let k be -5 - u/7 - 3/(-1). Give f(k).
4
Let p be -3 + 0 + -5 + 3. Let d be (5 + p)*-1*1. Let s(v) = v**2 + v + 13. Determine s(d).
13
Let u(n) be the second derivative of -1/6*n**3 + 2*n - 11/2*n**2 - 1. Suppose 4*y = -2*i + 4, -4*i + 3*y - 2*y = 1. Calculate u(i).
-11
Let v(w) = -6*w - 306. Let s(o) = 11*o + 547. Let p(c) = 5*s(c) + 9*v(c). Suppose 0 = -0*t + 3*t. Determine p(t).
-19
Let c(v) be the second derivative of -v**3/3 - 3*v**2 + 2*v - 13587. Let p(b) = b**2 - 2*b. Let z be p(4). Determine c(z).
-22
Let i = -82373 + 82381. Let z(a) be the third derivative of -a**6/120 + 7*a**5/60 + 7*a**4/24 + 7*a**3/6 - a**2. Determine z(i).
-1
Let h(f) = f**2 - 7*f + 4. Let m be 8 + 4*(-1)/2. Suppose -3*t - 14 = o, 3*t = -2*o + 5*o - m. Let p be 7*o/6*-3. What is h(p)?
4
Let i(m) be the second derivative of m**6/720 - m**5/30 - 19*m**4/4 - m**3/3 + 10*m - 8. Let g(r) be the third derivative of i(r). Calculate g(12).
8
Suppose 0 = 4*b - 96 + 104, 0 = -3*a - 3*b - 33. Let k(d) = -7*d**3 - 3*d**2 + 2*d + 27. Let l(n) = -n**3 + n**2 + 1. Let q(f) = -k(f) + 6*l(f). Give q(a).
-3
Let y(p) = -p + 367 - 178 + 0*p - 174. Let r = -798 + 808. Determine y(r).
5
Let w(z) be the second derivative of -z**4/3 + 3*z**3/2 + z**2/2 + 1385*z. Give w(4).
-27
Suppose -21*a - 291 = 507. Let l = -44 - a. Let s(i) = i**2 + 5*i - 8. Determine s(l).
-2
Let z(x) = x**2 + 18*x + 63. Let r = -8206 - -8192. Determine z(r).
7
Let u(i) = -28*i**3 - 3*i**2 + 25*i - 9. Let l(x) = 13*x**3 + 2*x**2 - 12*x + 5. Let o(q) = 13*l(q) + 6*u(q). Determine o(-9).
-16
Let b(c) = -15890*c + 7926*c - 4 + 8027*c. Determine b(1).
59
Let s be 0*(-11)/(-132) + (3 - 1). Let n(i) be the third derivative of 1/24*i**4 + 3*i**2 + 0 + 0*i + 0*i**3. Calculate n(s).
2
Suppose -5 = -4*y + 3*y, -4*o + 1 = 5*y. Let g = 380 - 376. Let w(v) = -3*v + g*v + 22 - 42 + 25 + 0*v. Give w(o).
-1
Let z(g) = 1545*g - 15. Let x be z(0). Let q(t) = t**2 + 71*t + 844. Calculate q(x).
4
Let d(i) be the second derivative of 14*i**4/3 + i**3/6 - i**2 - 4713*i. Give d(1).
55
Let l(q) = -2*q**2 - 12*q - 2. Let o(d) = -3*d**2 - 13*d - 1. Let x(w) = -4*l(w) + 3*o(w). Let s be (14/(-20))/((-32)/320). Determine x(s).
19
Let v be 1/5 - (1 - (-369)/(-5)). Let a = v + -103. Let p be ((-40)/a)/(1/6). Let u(r) = r**3 - 9*r**2 + 10*r - 8. Determine u(p).
8
Let n(u) be the first derivative of -5*u**4/24 - u**3/2 - 7*u**2/2 + 29. Let f(k) be the second derivative of n(k). Let t = -7 + 5. What is f(t)?
7
Suppose 62*k = -2*u + 64*k + 6, -5*u + 9 = k. Let v(s) be the third derivative of 0*s + 1/6*s**3 + 0 + 27*s**u + 1/12*s**4. Give v(-6).
-11
Let w(j) = -j - 13. Let s be (24/108 - 416/90)*(-30)/(-12). Calculate w(s).
-2
Let g(s) = 23*s**3 + 22*s**2 + 3*s + 6. Let k(u) = 42*u**3 + 42*u**2 + 4*u + 11. Let j(q) = -11*g(q) + 6*k(q). What is j(9)?
0
Let w(s) = -3*s**2 - 108*s + 472. Let q be w(4). Let v(l) = -15*l - 22. Determine v(q).
98
Let s(a) = -a - 5. Let r = -435 - -437. Let k be (-2 + r - 1)*0. What is s(k)?
-5
Let l(z) be the third derivative of -z**5/30 + z**3/6 - 7*z**2 - 16. What is l(-3)?
-17
Suppose 2*t = -5*q + 6*t - 5, -10 = -2*t. Suppose -2*g + q*g - 5*h - 14 = 0, 2*g - 2*h - 4 = 0. Let j(s) be the first derivative of s**2/2 + s + 75. Give j(g).
0
Let s(g) = g**3 - 2*g**2 - 4*g + 1. Let m(n) = -2*n + 14 + 8 - 7 + 6. Let f be m(3). Suppose -5*d + f = -0. Determine s(d).
-2
Let y(c) = c**3 + 7*c - 3*c + 3*c + 230*c**2 + 236*c**2 - 7 - 473*c**2. Calculate y(5).
-22
Let k(d) = 6*d + 7. Let h(p) = -9*p - 10. Let f(w) = -5*h(w) - 7*k(w). Let r be 1/(-2*(-5)/30). Suppose -r*n + 9 = -3, 3*n = q + 13. Give f(q).
-2
Let k(p) be the third derivative of -p**4/3 - 14*p**3/3 - 226*p**2 + p + 3. What is k(-7)?
28
Let g = -7994 - -7956. Let c(j) = j**2 + 37*j - 39. Determine c(g).
-1
Let i be (11 + -13)/(3 - (-177)/(-57)). Suppose -5*u - w + 17 = 0, -3*u + i = 3*w + 2*w. Let d(o) be the first derivative of 2*o**3/3 - 2*o**2 + 2. Give d(u).
6
Let k(m) = 26*m + 6. Let i(d) = d**2 + 42*d + 41. Let v be i(-1). Calculate k(v).
6
Let v = 285 - 284. Let f be 261/(-348) - (v + (-3)/4). Let p(z) = 8*z + 2. Determine p(f).
-6
Let k(u) = -4*u**2 - u + 1. Let r(c) = -c**3 - 7*c**2 - 3*c - 16. Let t be r(-7). Suppose t = -159*q + 164*q. Determine k(q).
-4
Let i(g) = -39*g**3 + 11*g**3 + 14*g**3 - 6*g - 6 + 23*g**3. What is i(-1)?
-9
Let q(k) = 13*k**2 - 346*k**3 + 13 + 114*k**3 + 116*k**3 + 115*k**3. Let u = 17 - 4. Give q(u).
13
Suppose 52 = 5*m + 17. Let a(b) be the first derivative of -b**3/6 - 7*b**2/2 - 23*b - 15. Let i(w) be the first derivative of a(w). What is i(m)?
-14
Let w = 3069 + -3061. Let r(j) be the first derivative of 0*j**2 + 2*j**3 - 18 - w*j + 1/4*j**4. Calculate r(-6).
-8
Let v(l) be the first derivative of -l**2 - 13*l - 4055. Give v(-8).
3
Let u(b) = -b**3 + 11*b**2 + 11*b + 17. Let c = -3446 - -3458. Determine u(c).
5
Let p(o) be the second derivative of o**5/20 + 5*o**4/12 + o**3/3 - o**2/2 - 9*o. Let c be -10*(0 + -1)*(-14)/28. What is p(c)?
-11
Let g(u) = 8*u - 5. Let w(i) = i - 2. Let m be 3*(-21)/(-27) + 2/(-6). Let f(h) = m*w(h) - g(h). Determine f(3).
-17
Let r(h) be the first derivative of h**4/4 + 2*h**3/3 - 4*h**2 - 5*h - 5023. Determine r(-4).
-5
Let o(t) = -3*t - 18. Let a be ((-15)/5 + -2)*(1 - 0). Let j be o(a). Let h(f) = -f**2 - 7*f - 4. Give h(j).
8
Let h = 157 - -51. Let c = h + -148. Suppose -18 = -13*r + c. Let l(k) = k**3 - 7*k**2 + 8*k - 9. Determine l(r).
3
Let n(t) be the third derivative of t**6/120 + 7*t**5/20 + t**4/12 + 17*t**3/3 + 5*t**2 - 13. Let b be n(-21). Let x(o) = -o**2 - 7*o + 13. Give x(b).
5
Let y be (-2)/(-8) + 60/16. Let w(m) = y*m - m - 2*m - 4. Suppose 35*c + 30*c = 8*c. Calc